 List the prime factors of d.
7, 17
Suppose -c - 66 = -0*c. Let p be c/(-12) + 1/(-2). Suppose 150 = p*i - 0*i. List the prime factors of i.
2, 3, 5
Suppose m + 3*h = -13, 2*h - 11 = 2*m + 5*h. Suppose m*o = -5*o + 791. What are the prime factors of o?
113
List the prime factors of (-15 - -17)*2/((-4)/(-423)).
3, 47
Let i(u) = 2 - 10*u + 5*u**2 + 3 - 4 - 6. What are the prime factors of i(5)?
2, 5, 7
Let g(m) = -124*m - 24. What are the prime factors of g(-15)?
2, 3, 17
List the prime factors of (-6 + -35)*(1 - 4).
3, 41
Let a(l) = -2*l**2 - 9*l + 41. List the prime factors of a(0).
41
Let t = -138 - -145. List the prime factors of t.
7
Let s(q) = q + 12. Suppose -2*b - 3*b = 45. Let v be s(b). Suppose -v*x + 61 = 1. What are the prime factors of x?
2, 5
Suppose -25*v = -30*v. Suppose v = -3*h - 3*h + 300. List the prime factors of (-1)/5 + 760/h.
3, 5
Suppose -2 = 4*k - 2*l - 22, k + 5*l - 27 = 0. Suppose k*n - 292 = 5*n. What are the prime factors of n?
2, 73
Suppose -n - 4*p - 3 = -1, 2*n = 2*p - 4. Let z be (-1 - n)*0/(-3). Suppose -3*u - 2*u + 150 = z. List the prime factors of u.
2, 3, 5
Let w be (9 - 0) + -2 + 3. Suppose -12*j = -w*j - 34. Suppose 0 = -h + 56 - j. List the prime factors of h.
3, 13
Suppose -p + 39 + 26 = 0. Let n = p + 13. What are the prime factors of n?
2, 3, 13
Let o be 3/((-6)/1)*2. Let a = o + 5. Suppose -2*k = -r - 81, a*k + 79 - 276 = -5*r. What are the prime factors of k?
43
Suppose 622*x - 16 = 620*x. List the prime factors of x.
2
Suppose 0 = -6*k + 9*k - 2100. What are the prime factors of k?
2, 5, 7
Suppose 14*j - 18*j + 28 = 0. Suppose 3*h - j*h + 140 = -q, 5*q = -20. What are the prime factors of h?
2, 17
Suppose -5*i = 2*t - 2609, 2*t - 1040 = -2*i - 0*t. List the prime factors of i.
523
Let x = 1147 + 2534. Suppose 15*w = x - 921. List the prime factors of w.
2, 23
List the prime factors of (2 - -13)*3/((-45)/(-710)).
2, 5, 71
Let p = -29 + 24. Let c(y) = -y**3 - y**2 - 7*y + 5. What are the prime factors of c(p)?
2, 5, 7
Suppose -41 = 3*n - 14. Let k = n + 12. Suppose -k*y + 5*x + 41 = -35, 109 = 4*y + x. What are the prime factors of y?
3
Let d = -6371 + 10135. List the prime factors of d.
2, 941
Suppose 4473 = d + 1375. What are the prime factors of d?
2, 1549
Let s = 5 + 25. Let v be (-236)/6*135/s. Let t = -126 - v. What are the prime factors of t?
3, 17
List the prime factors of ((-6)/(-14)*1721)/(22/154).
3, 1721
Suppose 0 = -2*u + u - 10. Let l be 1146 + (-2 - u)/4. List the prime factors of l/20 - (-3)/5.
2, 29
Let l(b) = 9*b + 10. Suppose 3*c = -g - 5, c + 3*g + 15 = 2*c. Suppose -4*n + 3*n + 4 = c. List the prime factors of l(n).
2, 23
Suppose -4*x + 3721 = f + 604, 0 = -5*f + 2*x + 15563. What are the prime factors of f?
11, 283
Suppose 0 = 4*j - 3*w - 3197, -3*j + 2134 = 5*w - 271. What are the prime factors of j?
2, 5
Suppose -5*z + 9260 = -19*g + 24*g, 5*g + 1822 = z. What are the prime factors of z?
1847
Suppose -7*i + 1368 = -3*i. List the prime factors of i.
2, 3, 19
Suppose -6*x + 2*x + 4 = 0. List the prime factors of (2 + -2)*x - (16 + -119).
103
Suppose 851*u - 845*u - 10338 = 0. What are the prime factors of u?
1723
Let l(k) = -k**3 + 3*k**2 + 5*k + 3. Let a = -16 - -25. Let p be (-24)/(-4)*6/a. What are the prime factors of l(p)?
7
Let q(p) = p**3 + 6*p**2 - 6*p + 7. Let g(z) = -6 - 9*z + 0 + 0*z**3 - 14*z**2 + 33*z + z**3. Let a be g(12). What are the prime factors of q(a)?
43
Suppose 5*d = -30*d + 54320. What are the prime factors of d?
2, 97
Suppose 70*p = 73*p - 129. List the prime factors of p.
43
Suppose -4*f - 376 = 3*s, -2*f + 8*s = 3*s + 214. Let w(r) = -16*r + 26. Let j be w(5). Let p = j - f. What are the prime factors of p?
43
Let d = 3695 + -2212. List the prime factors of d.
1483
List the prime factors of 3419/4 - (170/(-40) + 4).
3, 5, 19
Let b = -9975 - -14957. List the prime factors of b.
2, 47, 53
Let u be 4*(2 + -1) - -136. Suppose -5*w - u = -7*w. What are the prime factors of w?
2, 5, 7
Suppose 0 = 3*j - 0*n - 3*n - 57, 4*j + 5*n = 121. Suppose 2*u - 36 - j = 0. What are the prime factors of ((-24)/9)/((-4)/u)?
2, 5
Suppose -542*i + 545*i - 1470 = 0. List the prime factors of i.
2, 5, 7
Suppose 12*r = 39*r - 14823. List the prime factors of r.
3, 61
Suppose 5*u + 5*o - 3905 = 435, 5*o + 3517 = 4*u. What are the prime factors of u?
3, 97
List the prime factors of 5344/12 - (5 - 85/15).
2, 223
Suppose -451*h + 446*h + 8635 = 0. List the prime factors of h.
11, 157
Suppose -3*k - 4*m = 3 - 27, 4*k = 4*m + 4. Suppose v = -k*v + 75. What are the prime factors of v?
3, 5
Let s(q) = -225*q - 446. List the prime factors of s(-23).
4729
Let r(m) = m**3 - 5*m**2 - 7*m - 5. Let s be r(6). Let u = s - -14. Suppose -2*g + u*b - 6 = 0, 0*g + 25 = 3*g + 4*b. What are the prime factors of g?
3
Suppose 3*h = 2*h - 5*w + 220, -5*w = -h + 220. Let t = h - 94. What are the prime factors of t?
2, 3, 7
Let k be (-24)/(-108) - 569/9. Let o = k - -108. What are the prime factors of o?
3, 5
Suppose -140 = -m + 29. Let c = -73 + m. List the prime factors of c.
2, 3
Suppose 89*h = 99*h - 30680. What are the prime factors of h?
2, 13, 59
Suppose 4*i + 87 = 147. What are the prime factors of i?
3, 5
Suppose 0 = a - 2*a + 4*x + 2165, 0 = -3*a - 3*x + 6435. What are the prime factors of a?
7, 307
Suppose 200*q - 196*q = 1708. Suppose -9*s + 599 = -q. What are the prime factors of s?
2, 3, 19
Let u(t) = -t**3 + 35. Let p be u(0). Let i = p + -51. List the prime factors of i/3*(-99)/12.
2, 11
Let x(z) = 6 + 8*z**2 + z**3 + 0*z + 0*z + 2*z. Suppose 49 = -9*g - 14. What are the prime factors of x(g)?
41
List the prime factors of 1176/(4 - (-78)/(-24)).
2, 7
Suppose -25 = 2*n + 55. Let z = n + 75. List the prime factors of z.
5, 7
Let k(b) = b + 12. Let y be k(-7). Suppose y*f + 780 = 15*f. List the prime factors of f.
2, 3, 13
Let c = -114 + 118. Let m(g) = -g**2 + 5*g + 2. Let n be m(5). Suppose c*s = 3*q + 172, n*q + 12 = -q. List the prime factors of s.
2, 5
Let w be (7 + -4)*(-8)/(-6). Suppose -4*o - 353 + 83 = -2*g, w*g - o - 561 = 0. What are the prime factors of g?
3, 47
Let n be (15/(-10))/(6/8). Suppose -i = -s - 2*s + 4, -2*s + 6 = i. List the prime factors of 1 - (n + i + -3).
2
Suppose 0 = -5*c - 5*x + 25, 0*x + 7 = -c + 3*x. Suppose -c*p + 3*p = 96. Suppose 5*q = -4*i + p + 33, 0 = 3*i + 12. What are the prime factors of q?
29
Let l(c) = 3*c**2 - 5*c - 1. Let f be l(4). Let y = f + 50. What are the prime factors of y?
7, 11
Let l(q) = q + 8. Let h be l(-8). Let f be -1 + (-1 - -2) - h. Suppose -2*u - 2*v + 13 = -5*v, 5*u + v - 75 = f. What are the prime factors of u?
2, 7
Let g(j) = -j + 20. Let m be g(0). Suppose m = 3*z + z. Suppose -50 = -10*h + z*h. List the prime factors of h.
2, 5
Let z(i) = -i**3 - i + 159. Let s be 0*(4/(-1))/(-4). What are the prime factors of z(s)?
3, 53
Let a(r) = -r**3 + r**2 + 7*r. Let l be ((-3)/(-12)*10)/((-2)/4). What are the prime factors of a(l)?
5, 23
Suppose -7*y + 0*y + 2842 = 0. List the prime factors of y.
2, 7, 29
Suppose -5*w + 4*s = 675, 8*w + 720 = 3*w - 5*s. Let q = w - -270. List the prime factors of q.
131
Let c(q) = q**2 - 36. Let d be c(6). Suppose 62*n - 66*n + 696 = d. List the prime factors of n.
2, 3, 29
Suppose 0 = d + 5*y - 469, -679 - 747 = -3*d + 4*y. What are the prime factors of d?
2, 3, 79
Suppose 16 = 4*v + 20. Let l be (8/4)/(v/(-2)). Suppose 24 = i + l. What are the prime factors of i?
2, 5
Let y = 29 - 25. What are the prime factors of (-12)/(y/1) - -11?
2
Suppose 3*i + 2*i = -45. Let b = i - -13. Suppose -o - 4*v = -22, 3 = b*o + 2*v - 99. List the prime factors of o.
2, 13
Suppose -4*d + 8 = -4. Let y(g) = -5 - 2*g + 3 + 3 - 3*g**d - g**2 + 2*g**3. List the prime factors of y(-3).
5
Let f(h) = 5*h**2 - 27*h + 8. Let c be f(6). Suppose 1 - 5 = -4*t. What are the prime factors of t + c + -1 + 3?
29
Let b = -67 - -76. What are the prime factors of (b/(-4))/((-4)/(-432))*-1?
3
What are the prime factors of 2093 - (-50)/(-21 + 11)?
2, 3, 29
Let v be 3 - (-1 + 9 + -2). Let p(o) = o**2 + 2*o - 3. Let b be p(v). Suppose b = -5*u - 15, -5*j + 64 = -3*j - 2*u. What are the prime factors of j?
29
Suppose -u + 3117 + 2699 = 5*r, 2*r + 4*u = 2312. List the prime factors of r.
2, 3, 97
Let b(y) = y + 11. Let c be b(-6). Suppo